4*q**2 - q - 1. Give o(4).
-5
Let d(i) = -12*i - 105. What is d(-10)?
15
Let u(t) = t**3 + 3*t**2 - 5*t + 4. Determine u(3).
43
Let d(c) = c**3 - 29*c**2 + 27*c + 29. Give d(28).
1
Let u(b) = -b**3 - 8*b**2 - 4*b. What is u(-7)?
-21
Let a(v) = -2*v**3 - 8*v**2 + 2*v - 4. What is a(-4)?
-12
Let r(t) = 55*t**2 - 879*t - 19. Calculate r(16).
-3
Let m(i) = i**3 + i**2 - i. Calculate m(-3).
-15
Let k(t) = t**3 - 21*t**2 + 20*t - 2. Determine k(20).
-2
Let b(p) = 27*p**3 - 3*p**2 - p + 1. Determine b(-1).
-28
Let m(f) = f**3 - 21*f**2 - 4. Determine m(21).
-4
Let c(j) = -j**3 - 15*j**2 + 15*j - 15. Determine c(-16).
1
Let x(t) = t**2 + 12*t + 8. Calculate x(-11).
-3
Let v(l) = l**2 + 34*l + 302. Give v(-16).
14
Let f(z) = -z**3 - 2*z**2 + 7*z - 6. Determine f(-4).
-2
Let d(v) = v**2 - 27*v + 80. What is d(3)?
8
Let h(v) = -v**3 + 23*v**2 + 28*v - 102. What is h(24)?
-6
Let h(t) = -t**2 + 5*t + 4. Give h(6).
-2
Let a(m) = -m**3 + 5*m**2 + 2*m - 2. Give a(5).
8
Let t(f) = -84*f - 1098. Calculate t(-13).
-6
Let t(s) = -s**3 - 8*s**2 - 4*s - 3. Give t(-6).
-51
Let b(n) = -n**2 - 2*n + 50. What is b(-8)?
2
Let l(m) = m + 30. Calculate l(-26).
4
Let v(l) = -l**3 + 3*l**2 + 4*l + 17. What is v(5)?
-13
Let d(q) = 140*q + 8. Calculate d(1).
148
Let g(q) = 23*q**2 - q + 1. Calculate g(1).
23
Let u(g) = -6*g**2 - 2*g + 2. Calculate u(1).
-6
Let r(a) = 20*a - 21. Calculate r(5).
79
Let a(c) = c**2 - 9*c - 1. Calculate a(9).
-1
Let u(l) = l**2 + 28*l + 89. What is u(-24)?
-7
Let t(m) = -m**3 + 3*m**2 + 2*m + 3. Calculate t(4).
-5
Let i(t) = t**3 - 18*t**2 - 20*t + 24. Determine i(19).
5
Let x(r) = -r**3 - 30*r**2 + 2*r + 45. Give x(-30).
-15
Let v(s) = -3*s + 86. Determine v(30).
-4
Let f(n) = -n**3 + 4*n**2 + 2*n - 5. Determine f(5).
-20
Let l(d) = -d**3 + 6*d**2 - 3*d + 5. Give l(4).
25
Let q(f) = 18*f + 23. Give q(-4).
-49
Let v(x) = -x**2 - 15*x - 41. Calculate v(-13).
-15
Let f(j) = j**2 + 4*j - 5. Determine f(2).
7
Let z(t) = 4*t + 7. Determine z(-5).
-13
Let z(p) = p**3 - 11*p**2 + 11*p - 7. Determine z(10).
3
Let r(h) = h**3 + 7*h**2 - 8*h + 6. What is r(-8)?
6
Let v(o) = 2*o**2 - 4*o - 103. What is v(-6)?
-7
Let x(t) = -44*t - 21. What is x(-1)?
23
Let l(o) = o - 10. Give l(13).
3
Let m(n) = -2*n - 13. What is m(-16)?
19
Let q(r) = r**3 - 8*r - 12. Determine q(3).
-9
Let a(w) = 4*w**2 + 2*w - 5. Give a(4).
67
Let s(z) = z**3 + 9*z**2 - 13*z - 14. What is s(-10)?
16
Let d(s) = 2*s - 13. Determine d(3).
-7
Let a(d) = d**3 + 7*d**2 + 17*d + 39. What is a(-5)?
4
Let z(c) = 4*c**2 - 15*c - 10. Determine z(5).
15
Let l(d) = -d. Calculate l(-3).
3
Let l(b) = 4*b + 21. Determine l(6).
45
Let u(p) = 3*p + 3. Determine u(-2).
-3
Let w(j) = -3*j**3 - 4*j**2 - j - 4. Give w(-3).
44
Let f(l) = l**3 - 5*l**2 - 5*l + 13. Give f(5).
-12
Let o(n) = -20*n + 2. What is o(1)?
-18
Let w(j) = j**2 + 6*j - 11. Calculate w(-8).
5
Let q(l) = 5*l - 7. Calculate q(4).
13
Let n(m) = -m**3 - 13*m**2 + 13*m - 7. Calculate n(-14).
7
Let l(d) = 2*d**2 + 5*d - 4. Calculate l(-4).
8
Let m(k) = -k**2 + 3*k + 7. What is m(-3)?
-11
Let a(p) = -2*p**2 - p - 3. Determine a(4).
-39
Let y(t) = -2*t**2 + 32*t + 58. Give y(18).
-14
Let l(q) = 83*q - 260. Determine l(3).
-11
Let w(f) = 5*f + 4. Calculate w(-3).
-11
Let i(z) = z**2 - z - 56. Determine i(0).
-56
Let o(j) = j**3 + 5*j**2 + 5*j + 24. Give o(-6).
-42
Let r(n) = -n**2 + 9*n - 4. Give r(4).
16
Let o(m) = 4*m + 53. Calculate o(-14).
-3
Let l(g) = 7*g**2 - 8*g - 1. Calculate l(2).
11
Let a(b) = -3*b + 1. Give a(9).
-26
Let r(m) = 8*m**2 - 2*m - 9. Determine r(-3).
69
Let c(s) = 8*s + 10. Calculate c(-6).
-38
Let v(h) = -3*h**2 + 35*h + 1. Determine v(11).
23
Let u(c) = c + 19. Determine u(-10).
9
Let w(l) = 3*l + 3. Give w(-3).
-6
Let o(s) = 22*s + 169. Give o(-8).
-7
Let b(y) = y**3 - y**2 - 9*y - 3. What is b(-4)?
-47
Let x(m) = -15*m - 887. Calculate x(-58).
-17
Let t(d) = 10*d + 30. Determine t(-3).
0
Let s(a) = -a**2 - 2*a - 86. Calculate s(0).
-86
Let m(p) = 5*p + 35. What is m(-6)?
5
Let g(z) = -z**3 - 5*z**2 + 7. Calculate g(-5).
7
Let j(c) = -11*c - 6. Determine j(5).
-61
Let a(y) = y**3 + 9*y**2 + 10*y + 6. What is a(-8)?
-10
Let k(y) = -y**2 + 9*y - 47. Calculate k(7).
-33
Let k(h) = 4*h + 22. Give k(-7).
-6
Let z(k) = 4*k**2 - 2*k - 8. Give z(-2).
12
Let v(o) = -o**3 - 8*o**2 + 5*o + 12. Calculate v(-9).
48
Let j(h) = -h + 23. What is j(10)?
13
Let g(n) = n**3 + 14*n**2 + 14*n + 21. Determine g(-13).
8
Let s(a) = -28*a. Calculate s(-1).
28
Let m(v) = -v**3 + 8*v**2 + v - 11. Give m(8).
-3
Let x(q) = -2*q + 25. Determine x(7).
11
Let f(c) = -c**3 - 12*c**2 - 28*c - 12. Give f(-9).
-3
Let r(f) = f**3 - 12*f**2 + 11*f - 11. What is r(11)?
-11
Let x(w) = -2*w - 14. Calculate x(-13).
12
Let q(p) = -2*p**2 + 10*p + 11. Determine q(5).
11
Let k(a) = -12*a + 155. What is k(14)?
-13
Let o(u) = 2*u**2 + 15*u - 7. What is o(-8)?
1
Let n(r) = r**3 - 5*r**2 + 3*r + 4. What is n(4)?
0
Let a(f) = -f**3 - 6*f**2 - 7*f - 7. Give a(-5).
3
Let s(y) = -2*y + 8. Give s(-3).
14
Let g(v) = 2*v**3 - 9*v**2 - 5*v - 2. Give g(5).
-2
Let o(x) = -x**3 - 12*x**2 - 7*x + 53. Calculate o(-11).
9
Let g(m) = m**3 + 7*m**2 - 6*m + 12. What is g(-9)?
-96
Let p(u) = -12*u + 2. Calculate p(-2).
26
Let t(f) = -5*f - 91. Determine t(-21).
14
Let n(x) = -x**3 + 6*x**2 - 3*x. What is n(5)?
10
Let f(z) = z**3 - 31*z**2 + 3*z - 27. Give f(31).
66
Let v(m) = -14*m**2 + 3*m - 2. Calculate v(2).
-52
Let q(w) = w**3 + 7*w**2 - 5. Give q(-7).
-5
Let k(c) = 20*c**2 + 43*c - 4. Give k(-2).
-10
Let n(a) = -a**2 + 6*a - 5. Calculate n(4).
3
Let i(h) = -h**3 - 8*h**2 - 8*h - 8. Give i(-7).
-1
Let g(p) = 49*p - 3. Determine g(1).
46
Let t(i) = i - 33. Calculate t(19).
-14
Let o(y) = -y**3 + 10*y**2 + 14*y + 18. Calculate o(11).
51
Let k(p) = -p**2 - 11*p - 9. Give k(-10).
1
Let c(d) = -d - 5. Give c(-11).
6
Let c(d) = -29*d + 35. Give c(1).
6
Let l(n) = -n**3 - 2*n**2 + 26*n - 43. Determine l(2).
-7
Let n(r) = -r**3 + 8*r**2 - 5*r - 2. Calculate n(7).
12
Let h(t) = -t**3 - 7*t**2 - 8*t + 7. Calculate h(-4).
-9
Let t(s) = -2*s + 70. Calculate t(32).
6
Let x(h) = -6*h + 10. Determine x(4).
-14
Let f(t) = -t**3 - t**2 - t + 3. Calculate f(0).
3
Let p(b) = -b**3 + 6*b**2 + 16*b - 6. Determine p(8).
-6
Let p(u) = 10*u + 131. Calculate p(-13).
1
Let r(s) = s**2 + 4*s - 15. Determine r(-5).
-10
Let n(v) = -2*v**2 - 41*v + 44. Give n(-21).
23
Let q(t) = 12*t**3 - t**2 - 2*t + 2. Determine q(1).
11
Let l(u) = -2*u + 25. Calculate l(9).
7
Let u(y) = -y**2 + y - 15. Give u(0).
-15
Let h(l) = 11*l**2 - 6*l + 12. Determine h(2).
44
Let z(p) = 24*p - 8. What is z(-3)?
-80
Let l(k) = k**3 + 14*k**2 - 14*k + 22. What is l(-15)?
7
Let c(w) = w**3 - 8*w**2 - 8*w + 5. Calculate c(9).
14
Let m(q) = q**2 + 16*q + 29. Determine m(-12).
-19
Let x(w) = w**3 + 2*w**2 - 9*w - 10. Determine x(-5).
-40
Let g(d) = 20*d + 111. What is g(-5)?
11
Let z(t) = t**2 - 8*t + 14. Determine z(4).
-2
Let a(t) = -t**2 - 33*t + 144. Calculate a(-37).
-4
Let j(p) = -p**2 + 14*p - 27. Calculate j(10).
13
Let k(q) = -q - 7. What is k(-7)?
0
Let i(p) = -5*p + 1. What is i(6)?
-29
Let z(f) = 4*f + 1. Determine z(-1).
-3
Let o(h) = h**3 - 4*h**2 - 3*h + 9. Calculate o(4).
-3
Let u(w) = -w**2 - 8*w + 3. Calculate u(-5).
18
Let o(m) = -m**3 + 8*m**2 + m - 7. Determine o(8).
1
Let r(h) = -19*h + 1. Give r(2).
-37
Let k(t) = t**3 - 10*t**2 + 13*t - 19. Determine k(10).
111
Let m(g) = -3*g - 1. What is m(-4)?
11
Let u(z) = -6*z - 3. Determine u(-2).
9
Let u(t) = 4*t + 16. Determine u(7).
44
Let d(j) = j**3 + 14*j**2 - 3. Determine d(-14).
-3
Let i(s) = -s**2 - 11*s - 9. Calculate i(-4).
19
Let k(n) = n - 7. What is k(11)?
4
Let h(i) = -4*i + 16. Calculate h(-7).
44
Let y(n) = 2*n - 6. Calculate y(9).
12
Let n(g) = 2*g + 4. Determine n(4).
12
Let j(v) = -3*v**2 - 43*v + 29. Calculate j(-15).
-1
Let l(g) = -83*g + 154. Give l(2).
-12
Let c(m) = -11*m**3 - 2*m**2 + 1. Calculate c(1).
-12
Let v(q) = 3*q - 1. Give v(4).
11
Let b(a) = -a**3 - 2*a**2 + 7*a - 6. Determine b(-4).
-2
Let m(v) = -v**2 - 56*v - 775. Calculate m(-23).
-16
Let u(g) = -26*g - 485. Give u(-19).
9
Let i(h) = -13*h - 191. What is i(-15)?
4
Let a(j) = -j**3 + 11*j**2 + 8*j + 5. Calculate a(12).
-43
Let b(q) = q - 18. Calculate b(16).
-2
Let g(o) = -o**3 - 5*o**2